{"id":25,"date":"2025-10-02T09:41:51","date_gmt":"2025-10-02T07:41:51","guid":{"rendered":"https:\/\/gs-trbovlje.splet.arnes.si\/?page_id=25"},"modified":"2025-10-20T15:30:53","modified_gmt":"2025-10-20T13:30:53","slug":"informacije-javnega-znacaja","status":"publish","type":"page","link":"https:\/\/gs-trbovlje.splet.arnes.si\/?page_id=25","title":{"rendered":"INFORMACIJE JAVNEGA ZNA\u010cAJA"},"content":{"rendered":"\n<p><strong><a href=\"https:\/\/www.gov.si\/assets\/ministrstva\/MVI\/Dokumenti\/Glasbena-sola\/Solski-koledar\/2025_2026\/Podrobnejsa_navodila_o_solskem_koledarju_za_GS_2025-26-1.pdf\">\u0160olski koledar za leto 2025 2026<\/a><\/strong><\/p>\n\n\n\n<p><strong><a href=\"https:\/\/www.lex-localis.info\/KatalogInformacij\/VsebinaDokumenta.aspx?SectionID=c1788717-e275-4cd2-a5eb-8f8034f102b2#:~:text=Javni%20vzgojno-izobra%C5%BEevalni%20zavod%20Glasbena%20%C5%A1ola%20Trbovlje%20%28v%20nadaljevanju%3A,izpopolnjevanja%20in%20usposabljanja%20na%20podro%C4%8Dju%20kulture%20in%20umetnosti.\" data-type=\"link\" data-id=\"https:\/\/www.lex-localis.info\/KatalogInformacij\/VsebinaDokumenta.aspx?SectionID=c1788717-e275-4cd2-a5eb-8f8034f102b2#:~:text=Javni%20vzgojno-izobra%C5%BEevalni%20zavod%20Glasbena%20%C5%A1ola%20Trbovlje%20%28v%20nadaljevanju%3A,izpopolnjevanja%20in%20usposabljanja%20na%20podro%C4%8Dju%20kulture%20in%20umetnosti.\">Odlok o ustanovitvi javnega vzgojno-izobra\u017eevalnega zavoda Glasbena \u0161ola Trbovlje<\/a><\/strong><\/p>\n\n\n\n<p><a href=\"https:\/\/pisrs.si\/pregledPredpisa?id=ZAKO445\"><strong>Zakon o organizaciji in financiranju vzgoje in izobra\u017eevanja (ZOFVI<\/strong><\/a>)<\/p>\n\n\n\n<p><a href=\"https:\/\/pisrs.si\/pregledPredpisa?id=ZAKO2063\"><strong>Zakon o glasbenih \u0161olah<\/strong> <strong>(ZGla)<\/strong><\/a><\/p>\n\n\n\n<p><a href=\"https:\/\/pisrs.si\/pregledPredpisa?id=PRAV5180\"><strong>Pravilnik o preverjanju in ocenjevanju znanja ter napredovanju u\u010dencev v glasbenih \u0161olah<\/strong><br><br><\/a><strong><a href=\"https:\/\/pisrs.si\/pregledPredpisa?id=PRAV11245\">Pravilnik o dokumentaciji v glasbenih \u0161olah<\/a><\/strong><\/p>\n\n\n\n<p><strong><a href=\"https:\/\/pisrs.si\/pregledPredpisa?id=PRAV11349\">Pravilnik o \u0161olskem koledarju za glasbene \u0161ole<\/a><\/strong><\/p>\n","protected":false},"excerpt":{"rendered":"<p>\u0160olski koledar za leto 2025 2026 Odlok o ustanovitvi javnega vzgojno-izobra\u017eevalnega zavoda Glasbena \u0161ola Trbovlje Zakon o organizaciji in financiranju vzgoje in izobra\u017eevanja (ZOFVI) Zakon o glasbenih \u0161olah (ZGla) Pravilnik [&hellip;]<\/p>\n","protected":false},"author":121093,"featured_media":0,"parent":0,"menu_order":0,"comment_status":"closed","ping_status":"closed","template":"template-fullwidth.php","meta":{"footnotes":""},"class_list":["post-25","page","type-page","status-publish","hentry"],"_links":{"self":[{"href":"https:\/\/gs-trbovlje.splet.arnes.si\/index.php?rest_route=\/wp\/v2\/pages\/25","targetHints":{"allow":["GET"]}}],"collection":[{"href":"https:\/\/gs-trbovlje.splet.arnes.si\/index.php?rest_route=\/wp\/v2\/pages"}],"about":[{"href":"https:\/\/gs-trbovlje.splet.arnes.si\/index.php?rest_route=\/wp\/v2\/types\/page"}],"author":[{"embeddable":true,"href":"https:\/\/gs-trbovlje.splet.arnes.si\/index.php?rest_route=\/wp\/v2\/users\/121093"}],"replies":[{"embeddable":true,"href":"https:\/\/gs-trbovlje.splet.arnes.si\/index.php?rest_route=%2Fwp%2Fv2%2Fcomments&post=25"}],"version-history":[{"count":5,"href":"https:\/\/gs-trbovlje.splet.arnes.si\/index.php?rest_route=\/wp\/v2\/pages\/25\/revisions"}],"predecessor-version":[{"id":118,"href":"https:\/\/gs-trbovlje.splet.arnes.si\/index.php?rest_route=\/wp\/v2\/pages\/25\/revisions\/118"}],"wp:attachment":[{"href":"https:\/\/gs-trbovlje.splet.arnes.si\/index.php?rest_route=%2Fwp%2Fv2%2Fmedia&parent=25"}],"curies":[{"name":"wp","href":"https:\/\/api.w.org\/{rel}","templated":true}]}}